{"id":525,"date":"2024-07-17T12:28:16","date_gmt":"2024-07-17T10:28:16","guid":{"rendered":"https:\/\/casaruralabuela.es\/?page_id=525"},"modified":"2025-06-25T19:54:19","modified_gmt":"2025-06-25T17:54:19","slug":"aviso-legal","status":"publish","type":"page","link":"https:\/\/casaruralabuela.es\/index.php\/aviso-legal\/","title":{"rendered":"Aviso Legal"},"content":{"rendered":"\t\t<div data-elementor-type=\"wp-page\" data-elementor-id=\"525\" class=\"elementor elementor-525\" data-elementor-post-type=\"page\">\n\t\t\t\t<div class=\"elementor-element elementor-element-4c129b1 e-con-full e-flex e-con e-parent\" data-id=\"4c129b1\" data-element_type=\"container\" data-settings=\"{&quot;background_background&quot;:&quot;classic&quot;}\">\n\t\t\t\t<div class=\"elementor-element elementor-element-4b676d4 elementor-widget elementor-widget-heading\" data-id=\"4b676d4\" data-element_type=\"widget\" data-widget_type=\"heading.default\">\n\t\t\t\t<div class=\"elementor-widget-container\">\n\t\t\t\t\t<h2 class=\"elementor-heading-title elementor-size-default\">AVISO LEGAL<\/h2>\t\t\t\t<\/div>\n\t\t\t\t<\/div>\n\t\t\t\t<\/div>\n\t\t<div class=\"elementor-element elementor-element-4095e3f e-flex e-con-boxed e-con e-parent\" data-id=\"4095e3f\" data-element_type=\"container\">\n\t\t\t\t\t<div class=\"e-con-inner\">\n\t\t\t\t<div class=\"elementor-element elementor-element-faa84e4 elementor-widget elementor-widget-text-editor\" data-id=\"faa84e4\" data-element_type=\"widget\" data-widget_type=\"text-editor.default\">\n\t\t\t\t<div class=\"elementor-widget-container\">\n\t\t\t\t\t\t\t\t\t<p>\u00a0<\/p><p>En cumplimiento de la Ley 34\/2002, de 11 de julio, de Servicios de la Sociedad de la Informaci\u00f3n y de Comercio Electr\u00f3nico (LSSI-CE), JOSE LUIS MILLAN ROY informa que es titular del sitio web. De acuerdo con la exigencia del art\u00edculo 10 de la citada Ley, JOSE LUIS MILLAN ROY informa de los siguientes datos:<\/p><p>Raz\u00f3n Social: Jose Luis Mill\u00e1n Roy<\/p><p>NIF: 17442917Q<\/p><p>DOMINIO<\/p><p>DIRECCI\u00d3N POSTAL<\/p><p>CL.NUEVA, 7,50299 EMBID DE LA RIBERA(ZARAGOZA)<\/p><p>DIRECCI\u00d3N ELECTR\u00d3NICA info@casaruralabuela.com<\/p><p>TEL\u00c9FONOS<\/p><p>618311348<\/p><p>La navegaci\u00f3n, acceso y uso por el sitio web de JOSE LUIS MILLAN ROY confiere la condici\u00f3n de <br \/>usuario.<\/p><p><br \/>El sitio web de JOSE LUIS MILLAN ROY proporciona gran diversidad de informaci\u00f3n, servicios y datos. El <br \/>usuario asume su responsabilidad en el uso correcto del sitio web. Esta responsabilidad se extender\u00e1 a: <br \/>La veracidad y licitud de las informaciones aportadas por el usuario en los formularios extendidos <br \/>por JOSE LUIS MILLAN ROY para el acceso a ciertos contenidos o servicios ofrecidos por el <br \/>web.<\/p><p><em>Usuario de enlaces y exenciones de responsabilidad<\/em><\/p><p><br \/>El uso de la informaci\u00f3n, servicios y datos ofrecidos por JOSE LUIS MILLAN ROY <br \/>contrariamente a lo dispuesto por las presentes condiciones, la Ley, la moral, las buenas <br \/>costumbres o el orden p\u00fablico, o que de cualquier otro modo puedan suponer lesi\u00f3n de los <br \/>derechos de terceros o del mismo funcionamiento del sitio web.<\/p><p><em>Pol\u00edtica de enlaces y exenciones de responsabilidad<\/em><\/p><p>JOSE LUIS MILLAN ROY no se hace responsable del contenido de los sitios web a los que el usuario <br \/>pueda acceder a trav\u00e9s de los enlaces establecidos en su sitio web, siempre que no tenga conocimiento <br \/>efectivo de que la actividad o la informaci\u00f3n a la que remite o recomienda es il\u00edcita o de que lesiona <br \/>bienes o derechos de un tercero susceptibles de indemnizaci\u00f3n, o, en caso de tenerlo, act\u00fae con <br \/>diligencia para suprimir o inutilizar el enlace correspondiente.<\/p><p><br \/>Se entender\u00e1 que JOSE LUIS MILLAN ROY tiene el conocimiento efectivo a que se refiere el p\u00e1rrafo <br \/>anterior cuando un \u00f3rgano competente haya declarado la ilicitud de los datos, ordenado su retirada o que <br \/>se imposibilite el acceso a los mismos, o se hubiera declarado la existencia de la lesi\u00f3n, y JOSE LUIS <br \/>MILLAN ROY conociera la correspondiente resoluci\u00f3n, sin perjuicio de los procedimientos de detecci\u00f3n y retirada de contenidos que JOSE LUIS MILLAN ROY aplique en virtud de acuerdos voluntarios y de otros medios de conocimiento efectivo que pudieran establecerse.<\/p><p><br \/>JOSE LUIS MILLAN ROY declara haber adoptado todas las medidas necesarias para evitar cualquier <br \/>da\u00f1o a los usuarios de su sitio web, que pudieran derivarse de la navegaci\u00f3n por su sitio web. En <br \/>consecuencia, JOSE LUIS MILLAN ROY no se hace responsable, en ning\u00fan caso, de los eventuales <br \/>da\u00f1os que por la navegaci\u00f3n por Internet pudiera sufrir el usuario. Asimismo, tampoco garantizar\u00e1 la <br \/>disponibilidad t\u00e9cnica, exactitud, veracidad, validez o legalidad de sitios ajenos a su propiedad a los que <br \/>se pueda acceder por medio de los enlaces.<\/p><p><em>Modificaciones<\/em><\/p><p>JOSE LUIS MILLAN ROY se reserva la facultad de efectuar, en cualquier momento y sin necesidad de <br \/>previo aviso, modificaciones y actualizaciones de la informaci\u00f3n contenida en su sitio web o en la <br \/>configuraci\u00f3n y presentaci\u00f3n de esta. Con objeto de mantener actualizada la informaci\u00f3n publicada, los <br \/>contenidos del mismo podr\u00e1n ser modificados, corregidos, eliminados o a\u00f1adidos en cualquier momento, <br \/>por cualquier forma admisible en derecho.<\/p><p><em>Indicaci\u00f3n de precios<\/em><\/p><p>En caso de que se muestren precios de productos y\/o servicios, los indicados en pantalla ser\u00e1n los <br \/>vigentes en cada momento. Los precios ser\u00e1n indicados en euros y tendr\u00e1n incorporado el Impuesto <br \/>sobre el Valor A\u00f1adido (IVA). En caso de que no se incorpore el IVA en el precio, se indicar\u00e1 de manera <br \/>expresa y se permitir\u00e1 al usuario visualizar el precio final completo. <br \/>Asimismo, si fuera aplicable cualquier otro impuesto, as\u00ed se indicar\u00eda, incluyendo, en su caso, el importe <br \/>de los incrementos o descuentos que sean de aplicaci\u00f3n a la oferta y los gastos adicionales que puedan <br \/>repercutir al consumidor o usuario.<\/p><p><em>Propiedad intelectual e industrial.<\/em><\/p><p><br \/>JOSE LUIS MILLAN ROY por s\u00ed misma o como cesionaria, es titular de todos los derechos de propiedad <br \/>intelectual e industrial de su p\u00e1gina web, as\u00ed como de los elementos contenidos en la misma (a t\u00edtulo <br \/>enunciativo, im\u00e1genes, sonido, audio, v\u00eddeo, software o textos; marcas o logotipos, combinaciones de <br \/>colores, estructura y dise\u00f1o, selecci\u00f3n de materiales usados, programas de ordenador necesarios para su <br \/>funcionamiento, acceso y uso, etc.), titularidad de JOSE LUIS MILLAN ROY. Ser\u00e1n, por consiguiente, <br \/>obras protegidas como propiedad intelectual por el ordenamiento jur\u00eddico espa\u00f1ol, si\u00e9ndoles aplicables <br \/>tanto la normativa espa\u00f1ola y comunitaria en este campo, como los tratados internacionales relativos a la <br \/>materia y suscritos por Espa\u00f1a.<\/p><p><br \/>Todos los derechos reservados. En virtud de lo dispuesto en la Ley de Propiedad Intelectual, quedan <br \/>expresamente prohibidas la reproducci\u00f3n, la distribuci\u00f3n y la comunicaci\u00f3n p\u00fablica, incluida su modalidad <br \/>de puesta a disposici\u00f3n, de la totalidad o parte de los contenidos de esta p\u00e1gina web, con fines <br \/>comerciales, en cualquier soporte y por cualquier medio t\u00e9cnico, sin la autorizaci\u00f3n de JOSE LUIS <br \/>MILLAN ROY.<\/p><p><br \/>El usuario se compromete a respetar los derechos de Propiedad Intelectual e Industrial titularidad de <br \/>JOSE LUIS MILLAN ROY. Podr\u00e1 visualizar los elementos del portal e incluso imprimirlos, copiarlos y <br \/>almacenarlos en el disco duro de su ordenador o en cualquier otro soporte f\u00edsico siempre y cuando sea, <br \/>\u00fanica y exclusivamente, para su uso personal y privado. El usuario deber\u00e1 abstenerse de suprimir, alterar, <br \/>eludir o manipular cualquier dispositivo de protecci\u00f3n o sistema de seguridad que estuviera instalado en <br \/>las p\u00e1ginas de JOSE LUIS MILLAN ROY.<\/p><p><em>Certificado SSL (secure sockets layer)<\/em><\/p><p>El CERTIFICADO SSL proporciona autenticaci\u00f3n, privacidad y seguridad de la informaci\u00f3n entre JOSE <br \/>LUIS MILLAN ROY y el usuario.<\/p><p>JOSE LUIS MILLAN ROY dispone de un certificado de seguridad que se utiliza por CERTIFICADO SSL <br \/>para realizar conexiones seguras. <br \/>En este proceso se establecen varios par\u00e1metros para realizar la conexi\u00f3n de forma segura y se <br \/>establece usando llaves preestablecidas, codificando y descodificando todos los datos enviados hasta <br \/>que la conexi\u00f3n sea cerrada.<\/p><p><em>Acciones legales, legislaci\u00f3n aplicable y jurisdicci\u00f3n<\/em><\/p><p>Si el usuario desea presentar una reclamaci\u00f3n, deber\u00e1 contactar mediante el correo electr\u00f3nico <br \/>info@casaruralabuela.com. Asimismo, JOSE LUIS MILLAN ROY dispone de hojas oficiales de <br \/>reclamaci\u00f3n a disposici\u00f3n de los consumidores y usuarios. <br \/>JOSE LUIS MILLAN ROY se reserva la facultad de presentar las acciones civiles o penales que considere <br \/>oportunas por la utilizaci\u00f3n indebida de su sitio web y contenidos, o por el incumplimiento de las presentes <br \/>condiciones. <\/p><p>La relaci\u00f3n entre el usuario y el prestador se regir\u00e1 por la normativa vigente y de aplicaci\u00f3n en el territorio <br \/>espa\u00f1ol. De surgir cualquier controversia las partes podr\u00e1n someter sus conflictos a arbitraje o acudir a la <br \/>jurisdicci\u00f3n ordinaria cumpliendo con las normas sobre jurisdicci\u00f3n y competencia al respecto.<\/p><p>\u00a0<\/p><p>\u00a0<\/p>\t\t\t\t\t\t\t\t<\/div>\n\t\t\t\t<\/div>\n\t\t\t\t\t<\/div>\n\t\t\t\t<\/div>\n\t\t\t\t<\/div>\n\t\t","protected":false},"excerpt":{"rendered":"<p>AVISO LEGAL \u00a0 En cumplimiento de la Ley 34\/2002, de 11 de julio, de Servicios de la Sociedad de la Informaci\u00f3n y de Comercio Electr\u00f3nico (LSSI-CE), JOSE LUIS MILLAN ROY informa que es titular del sitio web. De acuerdo con la exigencia del art\u00edculo 10 de la citada Ley, JOSE LUIS MILLAN ROY informa de [&hellip;]<\/p>\n","protected":false},"author":1,"featured_media":0,"parent":0,"menu_order":0,"comment_status":"closed","ping_status":"closed","template":"","meta":{"_joinchat":[],"footnotes":""},"class_list":["post-525","page","type-page","status-publish","hentry"],"yoast_head":"<!-- This site is optimized with the Yoast SEO plugin v25.3.1 - https:\/\/yoast.com\/wordpress\/plugins\/seo\/ -->\n<title>Aviso Legal &#8211; Casa Rural Abuela<\/title>\n<meta name=\"description\" content=\"Toda la info sobre: Aviso Legal\" \/>\n<meta name=\"robots\" content=\"index, nofollow, max-snippet:-1, max-image-preview:large, max-video-preview:-1\" \/>\n<link rel=\"canonical\" href=\"https:\/\/casaruralabuela.es\/index.php\/aviso-legal\/\" \/>\n<meta property=\"og:locale\" content=\"es_ES\" \/>\n<meta property=\"og:type\" content=\"article\" \/>\n<meta property=\"og:title\" content=\"Aviso Legal &#8211; Casa Rural Abuela\" \/>\n<meta property=\"og:description\" content=\"Toda la info sobre: Aviso Legal\" \/>\n<meta property=\"og:url\" content=\"https:\/\/casaruralabuela.es\/index.php\/aviso-legal\/\" \/>\n<meta property=\"og:site_name\" content=\"Casa Rural Abuela\" \/>\n<meta property=\"article:publisher\" content=\"https:\/\/www.facebook.com\/casalaabuelasabina\" \/>\n<meta property=\"article:modified_time\" content=\"2025-06-25T17:54:19+00:00\" \/>\n<meta property=\"og:image\" content=\"https:\/\/casaruralabuela.es\/wp-content\/uploads\/2024\/05\/cropped-Logo-Casa-Rural-La-Abuela.png\" \/>\n\t<meta property=\"og:image:width\" content=\"512\" \/>\n\t<meta property=\"og:image:height\" content=\"512\" \/>\n\t<meta property=\"og:image:type\" content=\"image\/png\" \/>\n<meta name=\"twitter:card\" content=\"summary_large_image\" \/>\n<script type=\"application\/ld+json\" class=\"yoast-schema-graph\">{\"@context\":\"https:\/\/schema.org\",\"@graph\":[{\"@type\":\"WebPage\",\"@id\":\"https:\/\/casaruralabuela.es\/index.php\/aviso-legal\/\",\"url\":\"https:\/\/casaruralabuela.es\/index.php\/aviso-legal\/\",\"name\":\"Aviso Legal &#8211; Casa Rural Abuela\",\"isPartOf\":{\"@id\":\"https:\/\/casaruralabuela.es\/#website\"},\"datePublished\":\"2024-07-17T10:28:16+00:00\",\"dateModified\":\"2025-06-25T17:54:19+00:00\",\"description\":\"Toda la info sobre: Aviso Legal\",\"breadcrumb\":{\"@id\":\"https:\/\/casaruralabuela.es\/index.php\/aviso-legal\/#breadcrumb\"},\"inLanguage\":\"es\",\"potentialAction\":[{\"@type\":\"ReadAction\",\"target\":[\"https:\/\/casaruralabuela.es\/index.php\/aviso-legal\/\"]}]},{\"@type\":\"BreadcrumbList\",\"@id\":\"https:\/\/casaruralabuela.es\/index.php\/aviso-legal\/#breadcrumb\",\"itemListElement\":[{\"@type\":\"ListItem\",\"position\":1,\"name\":\"Portada\",\"item\":\"https:\/\/casaruralabuela.es\/\"},{\"@type\":\"ListItem\",\"position\":2,\"name\":\"Aviso Legal\"}]},{\"@type\":\"WebSite\",\"@id\":\"https:\/\/casaruralabuela.es\/#website\",\"url\":\"https:\/\/casaruralabuela.es\/\",\"name\":\"Casa Rural Abuela\",\"description\":\"S\u00f3lo otro sitio de WordPress\",\"publisher\":{\"@id\":\"https:\/\/casaruralabuela.es\/#organization\"},\"potentialAction\":[{\"@type\":\"SearchAction\",\"target\":{\"@type\":\"EntryPoint\",\"urlTemplate\":\"https:\/\/casaruralabuela.es\/?s={search_term_string}\"},\"query-input\":{\"@type\":\"PropertyValueSpecification\",\"valueRequired\":true,\"valueName\":\"search_term_string\"}}],\"inLanguage\":\"es\"},{\"@type\":\"Organization\",\"@id\":\"https:\/\/casaruralabuela.es\/#organization\",\"name\":\"Casa Rural La Abuela\",\"url\":\"https:\/\/casaruralabuela.es\/\",\"logo\":{\"@type\":\"ImageObject\",\"inLanguage\":\"es\",\"@id\":\"https:\/\/casaruralabuela.es\/#\/schema\/logo\/image\/\",\"url\":\"https:\/\/casaruralabuela.es\/wp-content\/uploads\/2024\/05\/cropped-Logo-Casa-Rural-La-Abuela.png\",\"contentUrl\":\"https:\/\/casaruralabuela.es\/wp-content\/uploads\/2024\/05\/cropped-Logo-Casa-Rural-La-Abuela.png\",\"width\":512,\"height\":512,\"caption\":\"Casa Rural La Abuela\"},\"image\":{\"@id\":\"https:\/\/casaruralabuela.es\/#\/schema\/logo\/image\/\"},\"sameAs\":[\"https:\/\/www.facebook.com\/casalaabuelasabina\",\"https:\/\/www.instagram.com\/casa_rural_la_abuela\/\"]}]}<\/script>\n<!-- \/ Yoast SEO plugin. -->","yoast_head_json":{"title":"Aviso Legal &#8211; Casa Rural Abuela","description":"Toda la info sobre: Aviso Legal","robots":{"index":"index","follow":"nofollow","max-snippet":"max-snippet:-1","max-image-preview":"max-image-preview:large","max-video-preview":"max-video-preview:-1"},"canonical":"https:\/\/casaruralabuela.es\/index.php\/aviso-legal\/","og_locale":"es_ES","og_type":"article","og_title":"Aviso Legal &#8211; Casa Rural Abuela","og_description":"Toda la info sobre: Aviso Legal","og_url":"https:\/\/casaruralabuela.es\/index.php\/aviso-legal\/","og_site_name":"Casa Rural Abuela","article_publisher":"https:\/\/www.facebook.com\/casalaabuelasabina","article_modified_time":"2025-06-25T17:54:19+00:00","og_image":[{"width":512,"height":512,"url":"https:\/\/casaruralabuela.es\/wp-content\/uploads\/2024\/05\/cropped-Logo-Casa-Rural-La-Abuela.png","type":"image\/png"}],"twitter_card":"summary_large_image","schema":{"@context":"https:\/\/schema.org","@graph":[{"@type":"WebPage","@id":"https:\/\/casaruralabuela.es\/index.php\/aviso-legal\/","url":"https:\/\/casaruralabuela.es\/index.php\/aviso-legal\/","name":"Aviso Legal &#8211; Casa Rural Abuela","isPartOf":{"@id":"https:\/\/casaruralabuela.es\/#website"},"datePublished":"2024-07-17T10:28:16+00:00","dateModified":"2025-06-25T17:54:19+00:00","description":"Toda la info sobre: Aviso Legal","breadcrumb":{"@id":"https:\/\/casaruralabuela.es\/index.php\/aviso-legal\/#breadcrumb"},"inLanguage":"es","potentialAction":[{"@type":"ReadAction","target":["https:\/\/casaruralabuela.es\/index.php\/aviso-legal\/"]}]},{"@type":"BreadcrumbList","@id":"https:\/\/casaruralabuela.es\/index.php\/aviso-legal\/#breadcrumb","itemListElement":[{"@type":"ListItem","position":1,"name":"Portada","item":"https:\/\/casaruralabuela.es\/"},{"@type":"ListItem","position":2,"name":"Aviso Legal"}]},{"@type":"WebSite","@id":"https:\/\/casaruralabuela.es\/#website","url":"https:\/\/casaruralabuela.es\/","name":"Casa Rural Abuela","description":"S\u00f3lo otro sitio de WordPress","publisher":{"@id":"https:\/\/casaruralabuela.es\/#organization"},"potentialAction":[{"@type":"SearchAction","target":{"@type":"EntryPoint","urlTemplate":"https:\/\/casaruralabuela.es\/?s={search_term_string}"},"query-input":{"@type":"PropertyValueSpecification","valueRequired":true,"valueName":"search_term_string"}}],"inLanguage":"es"},{"@type":"Organization","@id":"https:\/\/casaruralabuela.es\/#organization","name":"Casa Rural La Abuela","url":"https:\/\/casaruralabuela.es\/","logo":{"@type":"ImageObject","inLanguage":"es","@id":"https:\/\/casaruralabuela.es\/#\/schema\/logo\/image\/","url":"https:\/\/casaruralabuela.es\/wp-content\/uploads\/2024\/05\/cropped-Logo-Casa-Rural-La-Abuela.png","contentUrl":"https:\/\/casaruralabuela.es\/wp-content\/uploads\/2024\/05\/cropped-Logo-Casa-Rural-La-Abuela.png","width":512,"height":512,"caption":"Casa Rural La Abuela"},"image":{"@id":"https:\/\/casaruralabuela.es\/#\/schema\/logo\/image\/"},"sameAs":["https:\/\/www.facebook.com\/casalaabuelasabina","https:\/\/www.instagram.com\/casa_rural_la_abuela\/"]}]}},"_links":{"self":[{"href":"https:\/\/casaruralabuela.es\/index.php\/wp-json\/wp\/v2\/pages\/525","targetHints":{"allow":["GET"]}}],"collection":[{"href":"https:\/\/casaruralabuela.es\/index.php\/wp-json\/wp\/v2\/pages"}],"about":[{"href":"https:\/\/casaruralabuela.es\/index.php\/wp-json\/wp\/v2\/types\/page"}],"author":[{"embeddable":true,"href":"https:\/\/casaruralabuela.es\/index.php\/wp-json\/wp\/v2\/users\/1"}],"replies":[{"embeddable":true,"href":"https:\/\/casaruralabuela.es\/index.php\/wp-json\/wp\/v2\/comments?post=525"}],"version-history":[{"count":16,"href":"https:\/\/casaruralabuela.es\/index.php\/wp-json\/wp\/v2\/pages\/525\/revisions"}],"predecessor-version":[{"id":637,"href":"https:\/\/casaruralabuela.es\/index.php\/wp-json\/wp\/v2\/pages\/525\/revisions\/637"}],"wp:attachment":[{"href":"https:\/\/casaruralabuela.es\/index.php\/wp-json\/wp\/v2\/media?parent=525"}],"curies":[{"name":"wp","href":"https:\/\/api.w.org\/{rel}","templated":true}]}}